a) = 9*a**3 - 3*a**2 + 4*a - 2. Determine z(1).
8
Let m(a) = a**3 + 14*a**2 + 12*a - 8. Determine m(-13).
5
Let z(w) = w**3 + 7*w**2 + 9*w + 7. Give z(-5).
12
Let z(k) = 84*k + 5. Calculate z(-1).
-79
Let l(s) = s**3 + 6*s**2 + 4*s - 4. What is l(-3)?
11
Let b(d) = -d**2 + 3*d - 7. Calculate b(5).
-17
Let n(p) = p**3 - 20*p**2 + 52*p - 22. Determine n(17).
-5
Let j(f) = f**3 + 2*f**2 - 5*f. Calculate j(-5).
-50
Let m(u) = -15*u + 535. Calculate m(36).
-5
Let f(i) = i**3 + 13*i**2 + 34*i - 19. Determine f(-9).
-1
Let w(z) = z**2 + 4*z - 2. Calculate w(-4).
-2
Let q(r) = -2*r + 13. What is q(-10)?
33
Let v(j) = -j**3 + 5*j**2 - 2*j - 1. Calculate v(4).
7
Let m(q) = -q**3 - 27*q**2 - 74*q - 45. Give m(-24).
3
Let q(v) = -2*v**2 - 34*v - 13. Calculate q(-16).
19
Let y(r) = -r**2 + 2*r + 161. What is y(-10)?
41
Let k(a) = -a - 6. Give k(-6).
0
Let g(o) = -o**3 - 9*o**2 - 11*o - 17. Determine g(-8).
7
Let i(c) = c**2 - 5*c - 47. Give i(11).
19
Let k(s) = s**3 - 3*s**2 + 4*s - 3. What is k(2)?
1
Let v(n) = n**2 + 29*n + 38. Give v(-27).
-16
Let b(r) = 11*r**3 + 3*r**2 + r - 2. Give b(-2).
-80
Let i(u) = -u**3 + 11*u**2 - 16*u - 22. Give i(9).
-4
Let b(i) = -19*i**2 - 3*i + 1. What is b(1)?
-21
Let q(c) = 29*c - 35. What is q(4)?
81
Let o(t) = -98*t**3 - 2*t**2 + 3*t - 2. Calculate o(1).
-99
Let a(b) = b**2 - 31*b + 139. Give a(5).
9
Let l(n) = -n**3 + n - 5. Give l(-3).
19
Let b(r) = r**3 + 5*r**2 - 7*r - 7. What is b(-6)?
-1
Let o(w) = w + 14. Give o(-13).
1
Let y(k) = 4*k - 13. Give y(12).
35
Let y(p) = p**3 - p**2 - 4*p - 5. Give y(3).
1
Let o(c) = 2*c**2 - 29*c - 37. Determine o(17).
48
Let p(t) = -4*t**2 + 118*t + 41. Give p(30).
-19
Let j(n) = -n**2 - 5*n - 2. Determine j(0).
-2
Let k(q) = 6*q + 20. Give k(-14).
-64
Let z(y) = -4*y**2 - 12*y - 3. Determine z(-5).
-43
Let h(y) = y**3 - 11*y**2 - 6. What is h(11)?
-6
Let n(u) = 8*u - 38. Give n(4).
-6
Let i(q) = -2*q**3 + 4*q**2 - q - 1. What is i(-3)?
92
Let q(o) = -o**3 - 3*o**2 + 3*o - 19. What is q(-5)?
16
Let l(w) = -w**3 + w**2 + 4*w + 3. Calculate l(3).
-3
Let b(u) = u**3 - 4*u**2 - 5*u + 11. Calculate b(4).
-9
Let j(l) = -l**2 - 5*l - 7. Give j(-5).
-7
Let b(y) = y**2 + 15*y - 15. What is b(-15)?
-15
Let t(c) = 4*c + 27. Calculate t(-4).
11
Let z(j) = 3*j - 8. What is z(6)?
10
Let h(o) = -3*o - 32. Calculate h(-10).
-2
Let a(q) = -7*q - 23. Give a(-6).
19
Let k(n) = -8*n - 16. Calculate k(-7).
40
Let r(y) = -y + 5. What is r(10)?
-5
Let z(q) = -8*q - 10. Determine z(4).
-42
Let p(w) = -w**2 - 6*w - 29. What is p(-4)?
-21
Let q(g) = -4*g + 2. What is q(1)?
-2
Let y(q) = 42*q + 4. Determine y(-2).
-80
Let v(c) = -2*c. Give v(3).
-6
Let h(u) = -u**3 + 33*u**2 + u - 23. Calculate h(33).
10
Let h(c) = -c**2 - 8*c + 6. Determine h(-9).
-3
Let m(g) = -g**3 - 11*g**2 + 14*g + 6. Give m(-12).
-18
Let d(w) = 2*w**2 + 3*w - 14. Determine d(6).
76
Let b(n) = 14*n + 114. Determine b(-8).
2
Let s(h) = -h**3 - 21*h**2 - 51*h - 20. Give s(-18).
-74
Let d(v) = v**3 + 5*v**2 - 7*v - 2. Calculate d(-6).
4
Let j(k) = 3*k**2 + 17*k - 1. Calculate j(-7).
27
Let f(p) = p**3 - 6*p**2 + p + 1. Determine f(6).
7
Let a(j) = 25*j**3 - 1. Calculate a(1).
24
Let c(r) = -21*r + 103. Give c(5).
-2
Let g(z) = -5*z**3 - 62*z**2 + 39*z - 8. Give g(-13).
-8
Let k(w) = 2*w**2 + 61*w - 233. Calculate k(-34).
5
Let l(w) = w**3 + 12*w**2 - 15*w - 18. Calculate l(-13).
8
Let w(k) = k**3 - k**2 - k + 7. What is w(0)?
7
Let j(q) = -q**2 + 6*q - 4. Calculate j(5).
1
Let u(o) = -o + 2. Determine u(10).
-8
Let p(y) = -y + 19. Determine p(9).
10
Let u(m) = -m**3 - 8*m**2 - 7*m + 38. Give u(-6).
8
Let u(z) = z**2 - 12*z - 21. Give u(17).
64
Let y(c) = c**2 - 15*c - 72. Give y(19).
4
Let f(g) = g**2 - 18*g - 25. Determine f(19).
-6
Let i(d) = -d**2 + 28*d - 108. Calculate i(23).
7
Let l(p) = 4*p + 24. Give l(-7).
-4
Let f(z) = 3*z + 4. What is f(7)?
25
Let w(n) = 3*n + 106. Calculate w(-31).
13
Let y(k) = -2*k - 41. Calculate y(0).
-41
Let a(v) = -v - 5. What is a(3)?
-8
Let p(l) = 6*l - 3. Determine p(1).
3
Let c(a) = a - 25. Calculate c(14).
-11
Let i(p) = -5*p**2 + 4*p - 2. What is i(2)?
-14
Let j(b) = -2*b + 24. What is j(15)?
-6
Let i(k) = k**2 + 2*k - 62. Give i(0).
-62
Let p(v) = v + 2. What is p(2)?
4
Let u(r) = -7*r + 4. Calculate u(2).
-10
Let i(c) = -c**3 - 9*c**2 + 11*c - 12. Calculate i(-10).
-22
Let r(d) = -2*d**2 + 19*d - 2. Calculate r(9).
7
Let n(p) = -2*p. Calculate n(-5).
10
Let r(w) = -w**2 + 29*w + 79. Calculate r(31).
17
Let f(q) = q**3 + 12*q**2 + 2*q - 15. What is f(-12)?
-39
Let u(h) = h**2 + 12*h + 8. Determine u(-11).
-3
Let f(y) = -12*y**3 - 2*y**2 + 3*y. Determine f(2).
-98
Let x(n) = -n**3 + 26*n**2 + 59*n - 82. Give x(28).
2
Let f(a) = a**2 - 11*a - 12. What is f(11)?
-12
Let a(q) = -q**2 + q + 7. Calculate a(5).
-13
Let j(b) = b**2 + 39*b + 248. What is j(-30)?
-22
Let d(j) = j**3 + 10*j**2 - 9*j + 11. Determine d(-11).
-11
Let b(j) = -4*j**2 + 37*j - 16. Give b(9).
-7
Let s(x) = -x**3 - 18*x**2 + 27*x + 25. Calculate s(-19).
-127
Let k(p) = -4*p**2 + 6*p - 6. What is k(2)?
-10
Let u(f) = -f**2 - 12*f + 2. What is u(-12)?
2
Let x(i) = 6*i**2 + 2*i + 1. Determine x(-2).
21
Let s(n) = -n**3 - 11*n**2 - 9*n + 6. Calculate s(-10).
-4
Let i(u) = u - 4. Determine i(-4).
-8
Let c(f) = -25*f - 7. Give c(-5).
118
Let t(o) = 2*o**3 + o**2 - 3*o + 1. What is t(-3)?
-35
Let n(c) = 3*c - 24. What is n(11)?
9
Let c(b) = b**3 + 23*b**2 + 23*b - 3. Give c(-22).
-25
Let z(u) = -u - 20. What is z(-12)?
-8
Let y(t) = 5*t + 5. Calculate y(-5).
-20
Let z(v) = 8*v**2 - 3*v + 1. Determine z(2).
27
Let u(l) = 13*l**2 - 2*l - 2. Determine u(2).
46
Let q(c) = c**2 - 9. Determine q(4).
7
Let s(q) = q**3 + 7*q**2 + 6*q - 4. What is s(-6)?
-4
Let v(o) = o**2 - 24*o + 36. Calculate v(23).
13
Let y(g) = -12*g - 66. Calculate y(-5).
-6
Let d(t) = t**2 + 27*t + 59. Calculate d(-25).
9
Let q(n) = -12*n + 40. What is q(7)?
-44
Let d(j) = j - 11. Give d(3).
-8
Let j(r) = -2*r**2 - 2*r + 9. What is j(2)?
-3
Let h(m) = 2*m + 48. Determine h(-18).
12
Let h(p) = -p - 3. What is h(6)?
-9
Let m(n) = 2*n**3 + 4*n**2 + 5*n + 1. Determine m(-3).
-32
Let j(m) = m + 10. Give j(-2).
8
Let g(t) = 2*t**2 - 4*t - 2. Determine g(4).
14
Let f(y) = y**3 + 6*y**2 + 5*y - 1. Calculate f(-5).
-1
Let n(i) = 2*i**2 + 8*i + 5. Calculate n(-3).
-1
Let s(n) = -64*n + 2. What is s(1)?
-62
Let n(i) = -i**3 - 13*i**2 + 16*i - 9. Determine n(-14).
-37
Let v(l) = -l**3 - 8*l**2 + 4*l. Calculate v(-9).
45
Let q(c) = c**3 + 8*c**2 - 7*c + 26. What is q(-9)?
8
Let o(p) = -p**3 + 6*p**2 + 2*p + 10. Calculate o(0).
10
Let y(s) = -4*s**2 - 31*s + 11. Give y(-9).
-34
Let b(i) = 4*i - 13. Give b(3).
-1
Let k(n) = 47*n**3 + 2*n**2 - 1. Give k(-1).
-46
Let a(u) = -u**3 + 5*u**2 - 2*u + 11. Calculate a(5).
1
Let u(g) = -7*g + 71. Determine u(10).
1
Let n(i) = i**2 + 26*i - 57. Calculate n(-28).
-1
Let x(i) = 4*i**2 - 4*i + 3. What is x(1)?
3
Let d(b) = 2*b**3 + b**2 + 2*b - 34. Give d(0).
-34
Let b(m) = -3*m**2 + 43*m - 19. Give b(14).
-5
Let j(u) = u - 8. Calculate j(14).
6
Let l(c) = c**3 - 6*c**2 + 7*c - 12. Determine l(5).
-2
Let l(o) = -4*o + 43. What is l(11)?
-1
Let x(z) = 7*z**2 - z + 7. Calculate x(-3).
73
Let t(r) = r**3 - 2*r**2 + 3*r - 26. Determine t(4).
18
Let n(h) = 5*h + 52. What is n(-9)?
7
Let h(y) = y**3 + 12*y**2 + 13*y + 16. Calculate h(-11).
-6
Let r(t) = -8*t**2 + 2*t - 1. Determine r(2).
-29
Let r(x) = -x**3 + 30*x**2 - x - 5. Give r(30).
-35
Let q(p) = p**2 + 85. Calculate q(0).
85
Let p(k) = -k**3 + 5*k**2 + 3*k - 33. Calculate p(4).
-5
Let k(h) = -h**2 + 13*h + 45. Give k(13).
45
Let o(u) = 12*u + 6. Calculate o(-3).
-30
Let l(o) = -23*o + 108. What is l(7)?
-53
Let u(n) = -n**2 - 8*n + 11. Give u(-9).
2
Let m(l) = -l**3 + 13*l**2 - 13*l + 10. Determine m(12).
-2
Let b(h) = h**2 - 20*h + 90. Give b(6).
6
Let g(i) = 10*i + 8. Calculate g(-5).
-42
Let q(r) = -r**2 + 9*r + 4. Calculate q(9).
4
Let u(f) = f**3 + 9*f**2 + 2*f - 6. Give u(-8).
42
Let y(f) = -f + 44. Calculate y(18).
26
Let h(u) = 2*u**3 - 11*u**2 + 4*u + 5. Calculate h(4).
-27
Let m(f) = -f + 14. Determine m(-3).
17
Let u(v) = v**2 - 7*v - 8. Calculate u(9).
10
Let b(s) = -2*s**2 - 6*s - 3. Determine b(-4).
-11
Let x(v) = 14*v**2 + 5*v + 2. What is x(-1)?
11
Let d(g) = g**3 + 2*g**2 - 2*g 